- -4 - 9) + -4 + 5.
-2
What is the value of 0 + (-13 - (-1 - (4 - -6)))?
-2
What is the value of -4 + (31 - 15) - 26?
-14
What is (-15 - 0) + (23 - (0 - -20)) - 0?
-12
What is (-4 - 10) + -87 + 103?
2
13 - (-216 + 207 + 0 + 0)
22
What is the value of 7 - (-8 + 11 + 8)?
-4
What is (17 - 11) + (-6 - (-6 - -16)) + 37?
27
Calculate 7 - (-5 - 2 - (-6 - 6)).
2
28 + (21 - (-12 + 46))
15
What is the value of 2 + -1 - ((14 + -12 - 17) + 20)?
-4
-3 - (1 + (0 + -2 - 4) + 2)
0
Calculate -63 - -79 - (8 + 2).
6
-18 + (21 + 1 - 2)
2
4 - (-12 + -6 + 8 - -22)
-8
(-35 + 54 + (-7 - -1) - 5) + -3
5
What is the value of -11 + (10 - 14 - -25)?
10
What is (-7 - -9) + -13 - -14 - (0 + 11)?
-8
Calculate -3 + (-180 - -182 - (-1 + 1)).
-1
Evaluate 6 - 10 - (4 + -5 + -3).
0
What is 2 + -17 - -22 - (4 + -1 + 0)?
4
What is -15 - (-6 - 15) - (10 - (0 + 0))?
-4
(3 + -4 - -6) + (38 + -12 - 17)
14
(15 - 19) + 14 - (11 - 6)
5
((1 - -1) + 8 - -3) + (5 - 3)
15
What is the value of -4 - (21 + (-152 - -155 - (7 + -1)))?
-22
Calculate -967 + 963 + (2 - (1 - 0) - 2).
-5
7 - 27 - (-29 - 11)
20
Calculate (-2 - (-10 - 3)) + -57 + 50.
4
What is -1 + -8 + (4 - 4) + -4?
-13
Evaluate 5 - 28 - (6 + 12 + -15).
-26
Evaluate 3 - (5 - (-6 + 13) - 7).
12
Evaluate (189 + -194 - (-43 - -1)) + -16.
21
What is 3 - (1 + (-15 - (-8 + 11)))?
20
Calculate 7 - (20 + (-10 - 15)) - -10.
22
Calculate 0 + 14 - (-44 + 53).
5
Evaluate (12 - 16) + -13 + (1 - 0 - 2).
-18
What is the value of -2 + (9 - -22 - 16)?
13
What is the value of -6 + 25 + -10 + -5?
4
What is the value of -220 + 201 + ((0 - 2) + 4 - 0)?
-17
What is the value of 5 + (8 - 6 - 1) + -21 + 5?
-10
What is the value of -7 - ((5 - 3) + 5 + 17 + -11)?
-20
Evaluate -9 + (-3 - -2 - (58 - 54)).
-14
10 + 17 + (-22 - -4)
9
Calculate -4 + -8 + 5 + 56 + -8 + -13.
28
What is 4 - (2 - (-2 - 1))?
-1
Calculate 48 - 63 - (3 - (2 - 1)).
-17
Calculate 4 + (0 + -9 - (-7 + -22 + 17)).
7
Evaluate 6 + -9 - (-19 + 19 - (15 + 1)).
13
Calculate (0 - 1 - 13) + 11.
-3
What is the value of 0 - (-7 - -9 - 10) - 9?
-1
Calculate 557 + -484 - (40 - 0).
33
Evaluate (7 - -1) + (-5 - (34 + -3)).
-28
-9 - (6 + -18) - 7
-4
-6 - ((-23 - -21) + (-5 - 8))
9
-31 + 17 + 32 + (-8 - -7)
17
36 + -18 - (-22 - -53)
-13
What is the value of (-25 + -5 - -74) + -29?
15
Calculate 18 - -27 - 28 - (-1 - 12).
30
What is (7 + -4 - 12) + 16 + -29 + 4?
-18
Evaluate 8 - (2 + -4 + 2 + 10).
-2
What is -42 + 31 + 2 + 3 + (2 - 2)?
-6
3 + 14 + 11 + -21 + (-12 - -5)
0
Evaluate (20 - 8 - 9) + -4 + -6.
-7
What is the value of (1 - -5) + (-692 - -680)?
-6
What is (7 - 12) + (11 - 2) + (-3 - 2)?
-1
Calculate (11 - (-21 + 37)) + 5.
0
-13 - (197 + -189 - (1 - -8))
-12
-107 + 88 + (16 - 0)
-3
(-36 - -19) + (-3 - 3) + 3 + 6
-14
What is the value of -7 - (9 - (-2 - -10))?
-8
Evaluate (10 - 30) + (25 - 8) - (11 - -1).
-15
What is the value of (-2 - 0) + (-4 - (-7 - 12))?
13
4 + 2 + (-13 - 3 - -18)
8
Evaluate -1 + -7 + (13 + 13 - 17 - 7).
-6
Calculate (21 + -9 - -9 - 0) + 4.
25
What is the value of -4 + -2 + 4 - (-12 + -39 - -42)?
7
What is the value of 16 + -10 + -9 - (1 + -17 + -3)?
16
Calculate (-3 - (-10 + 0)) + (-8 - 19).
-20
Evaluate (-3 - (-5 - 0)) + -65 + 94.
31
What is 1 + -11 + (-13 - (-10 - 7) - 6)?
-12
Evaluate -29 + 1 - (-5 + 9 + (12 - 25)).
-19
What is the value of -1 + 2 + -5 - (1 - (1 - -6))?
2
What is the value of 4 + (-5 - 10) + (5 + -18 - -12)?
-12
Evaluate 8 - 14 - -9 - (-10 + 45).
-32
What is 7 + (-6 - -13) + -14?
0
Evaluate 3 + 1 + 6 + -8 - 1.
1
Evaluate -11 - ((7 - 12) + (-4 - -2)).
-4
What is (-7 - 11 - -34 - -8) + -2?
22
Evaluate -6 + -26 - 8 - (-8 + -1).
-31
What is -6 - 1 - (-2 + -25 + 15)?
5
4 + 1 - ((0 - 2) + (330 - 319))
-4
Calculate -19 - (-15 - (-4 + -1 + -3)).
-12
What is the value of 29 + (-19 - (-12 + -4 + 9) - -7)?
24
What is (-80 + 49 + 0 + 2 - 4) + 0?
-33
What is -8 + (-13 - -3) + 2 + -1?
-17
What is 5 + (5 - (11 + -18 + 10)) + -12?
-5
Evaluate 9 + (-11 - -2) + (1 - 6) + -6.
-11
-40 + (-18 - (-13 - 15)) - (-5 + 1)
-26
What is the value of 2 + 19 + (-4 - 22)?
-5
What is 49 - 37 - 10 - -31?
33
What is the value of 19 + (-21 - (10 - -8))?
-20
What is 18 + -41 + 11 - -32?
20
What is 1 - 6 - (-28 + 9 - -11 - -4)?
-1
Calculate 14 + (-2 - -2) - 8.
6
Evaluate 39 - 3 - (17 - (-6 - -12)).
25
Calculate 44 + -21 - (-14 + 13).
24
Calculate -6 - (0 - -13) - -7.
-12
Evaluate 8 + -3 + 30 - (23 - 15).
27
Calculate -6 + -3 + (3 - (-11 + 8 + 9)).
-12
Calculate -105 + 93 + (-7 - 0) - (-5 - 1).
-13
What is 0 + -10 + 0 - (327 + -326)?
-11
Evaluate -19 + 0 + 13 + 9 + -6.
-3
Evaluate -21 + 5 + 8 + -6 - -13.
-1
-6 + 0 + -2 + 7 - 2 - -1
-2
7 + -15 + 6 - 4 - -10
4
7 - 6 - 12 - ((-3 - -2) + -2)
-8
Calculate (-1 + -1 - -3) + (96 - 86).
11
Evaluate 7 + 2 + (-196 - -193) + 0 + 6.
12
What is -22 - (-37 - (-14 - 4))?
-3
What is (2 - -13) + 19 - (24 + -7)?
17
Evaluate -3 + -6 + 12 + 1 + -10 + 1.
-5
(50 - 37 - 43) + 58
28
-28 - -33 - (-7 + -1)
13
What is the value of -1 - 1 - ((-5 - (2 - 16)) + -9)?
-2
Evaluate 20 + (-4 - (7 + -1)) + 9 + -7.
12
-24 + 0 + 332 + -310
-2
Evaluate -16 + 4 + 22 + 3.
13
-14 + (-3 + 11 + -2 - (30 + -14))
-24
Calculate (6 - (-14 + 22 + -4)) + -6.
-4
What is the value of 98 + -87 + (-3 - 1) - (1 - 3)?
9
Calculate (-17 - -14) + -2 + 4 + -10.
-11
What is the value of 8 + -1 + (-11 + 21 - 12)?
5
Evaluate -10 - (-31 - -9 - -26).
-14
15 - (73 + -29) - -46
17
What is the value of -191 + 188 - (1 + -3 + 4)?
-5
What is the value of (7 + -6 - 1) + (5 - 4 - 6)?
-5
Calculate -15 - (2 + -18 - (-2 - 9)).
-10
What is the value of (-20 - -21) + (10 - 48)?
-37
What is the value of -1 - (-5 + 16 + -5 + (5 - 0))?
-12
What is the value of (190 - 187) + -1 + 7?
9
Evaluate -14 + (43 - 9) + -19.
1
What is the value of -100 + 97 - (2 - (2 - 3 - -3))?
-3
6 + 3 + -1 - (-12 - (47 + -58))
9
-2 + (-16 - -13) + 15
10
Evaluate 29 - (5 - -10) - (-1 + 10).
5
Calculate 2 - (-5 + 25) - -18.
0
What is the value of (-3 - 27 - (-22 + 31)) + 8?
-31
12 + 7 + (-4 - 6) - 10
-1
Evaluate 29 + -51 + (16 - -7).
1
What is the value of 35 + -64 + (8 + -1 - (6 - 7))?
-21
What is (-90 - -88) + (13 - 0 - 2)?
9
What is 2 + -2 - (62 - 67) - (-1 + 30)?
-24
What is 1699 - 1692 - (-1 + -8)?
16
17 + 26 + -31 - (-9 + 1)
20
What is -636 + 656 + (-4 - (1 + -1))?
16
What is the value of 4 - (-3 - 2 - (15 + -1 - 11))?
12
Calculate -35 - (7 - 11 - (18 - 6)).
-19
Calculate (-12 - ((-1 - -4) + -5)) + 2 - 5.
-13
Calculate 14 + ((-6 - -9) + -12 - -4).
9
What is (-15 - -4 - -2) + 4?
-5
Calculate -1 - 1 - (5 - (37 - 29)).
1
Evaluate 3 + (-103 - -117 - (15 - 0)).
2
2 + -10 - ((-4 + -3 - 6) + 8)
-3
What is the value of (2 - 9) + (-6 + -8 - -21) + -20?
-20
What is (-2 - 20) + -70 + 90 - (0 - -23)?
-25
What is 100 - 105 - (3 + -12)?
4
What is the value of 6 - (-8 - 11 - -36)?
-11
(-1 - 8) + (-3 - (-10 + 1)) - -9
6
What is 9 + (4 - 14) + (-5 - -3) + 11?
8
What is -25 - -1 - (-47 - (-15 - 23))?
-15
Evaluate (-27 + 17 - (-2 + -3)) + -7.
-12
0 - (-14 - -31 - 6 - (11 - 2))
-2
29 - 25 - (4 - 0) - 6
-6
Calculate 11 + -15 + -9 + 13.
0
(2 - -18 - 4) + (-2 - -5 - 8)
11
Evaluate 8 - (10 - (-8 - (-14 + -3))).
7
29 + -13 + -9 - (1 - -7)
-1
What is the value of -11 + (-1 - 4) + -9 + 45?
20
What is the value of -7 + 51 + -26 - 6?
12
Evaluate 7 - (3 + -2 + -6 - (-30 + 1)).
-17
Calculate (-15 - (-49 - -30)) + -12 + -1.
-9
What is (7 - 0) + (-14 - -13) - (16 - 3)?
-7
What is the value of -919 + 924 + 2 + (10 - 0)?
17
Calculate -23 + (1 - -4 - -14).
-4
What is the value of (7 - (-7 - -8)) + (-5 - -2) + 7?
10
Evaluate -1 + -14 - (139 - 166).
12
Calculate -9 + ((-6 - 4) + 9 + -1 - -8).
-3
Calculate (0 - 10) + 12 + (-9 - 2) - 1.
-10
Evaluate (1 + 1 - (4 - 11)) + 2 + -8.
3
What is 4 + -10 + -10 - -28?
12
20 + -17 + 1 + -2
2
What is 72 + -77 + -6 + 7 + 2?
-2
Calculate -2 + -7 + 31 + (1 - 0) + -5.
18
7 + (117 - 111 - (0 - 1))
14
What is the value of -8 + 7 + 9 + -7 + (0 - -6)?
7
What is the value of -52 + 30 - (-17 + -1)?
-4
Evaluate (-95 - -82) + (3 - 2).
-12
Calculate -22 + (-12 + 12 - -25).
3
1 + 6 + -802 + 762
-33
-6 + 5 + 1 - 9
-9
What is the value of -3 + -15 + (8 - 1) - 9?
-20
Evaluate (-7 - (-9 + 10 + -11)) + -24.
-21
Calculate (-16 - -7) + (25 - 31).
-15
What is the value of (5 - 1 - 9) + 16 - -9?
20
What is (-88 + 78 - (-15 - -1)) + 23?
27
What is the value of 11 + -2 + (